{"id":3392,"date":"2017-10-04T14:22:43","date_gmt":"2017-10-04T19:22:43","guid":{"rendered":"http:\/\/www.jardinchiquilandia.com\/sitio\/?page_id=3392"},"modified":"2025-08-25T18:31:55","modified_gmt":"2025-08-25T23:31:55","slug":"trabaje-con-nosotros","status":"publish","type":"page","link":"https:\/\/www.jardinchiquilandia.com\/sitio\/trabaje-con-nosotros\/","title":{"rendered":"Trabaje con nosotros"},"content":{"rendered":"<p>[vc_row full_width=\u00bb1&#8243; css=\u00bb.vc_custom_1507148428331{padding-top: 50px !important;padding-bottom: 50px !important;background-position: center !important;background-repeat: no-repeat !important;background-size: cover !important;}\u00bb][vc_column][vc_column_text]<\/p>\n<p style=\"text-align: center;\"><span style=\"color: #333333;\">En Chiquilandia siempre estamos buscando ampliar nuestra familia, por eso si te ajustas al siguiente perfil env\u00edanos tu hoja de vida.<\/span><\/p>\n<p>[\/vc_column_text][vc_empty_space][vc_column_text]<\/p>\n<h2 style=\"text-align: center;\">Perfil de Docente Chiquilandia<\/h2>\n<p>[\/vc_column_text][vc_empty_space][vc_row_inner][vc_column_inner width=\u00bb1\/4&#8243;][vc_single_image image=\u00bb4225&#8243; img_size=\u00bbmedium\u00bb alignment=\u00bbcenter\u00bb style=\u00bbvc_box_rounded\u00bb][\/vc_column_inner][vc_column_inner width=\u00bb3\/4&#8243;][vc_column_text]<\/p>\n<p style=\"text-align: left;\"><span style=\"color: #333333;\">El docente del Jard\u00edn Infantil, debe prepararse para ser formador de seres que amen su vida y respeten la de los dem\u00e1s en todas sus dimensiones, deben ser facilitadores de un aprendizaje agradable y entendible que se aprecie notablemente por los conceptos aprendidos. Para ello debe tener presente:<\/span><\/p>\n<ul>\n<li style=\"text-align: left;\"><span style=\"color: #333333;\">Que debe ser un constructor de actitudes positivas con el fin de lograr los objetivos de la instituci\u00f3n<\/span><\/li>\n<li style=\"text-align: left;\"><span style=\"color: #333333;\">Que debe formar una conciencia ecol\u00f3gica desde el aula de clase y con el manejo del proyecto.<\/span><\/li>\n<li style=\"text-align: left;\"><span style=\"color: #333333;\">Ser un continuo promotor de la convivencia grupal en sus diferentes manifestaciones<\/span><\/li>\n<li style=\"text-align: left;\"><span style=\"color: #333333;\">Fomentar en el alumno la disciplina, la urbanidad y los valores morales, espirituales y c\u00edvicos, como formadores de buenos h\u00e1bitos.<\/span><\/li>\n<li style=\"text-align: left;\"><span style=\"color: #333333;\">Ser evaluador constante de su actitud frente al cambio e innovaci\u00f3n educativa.<\/span><\/li>\n<li style=\"text-align: left;\"><span style=\"color: #333333;\">Concebir su misi\u00f3n educadora como un espacio de proyecci\u00f3n, transformaci\u00f3n y cambio<\/span><\/li>\n<li style=\"text-align: left;\"><span style=\"color: #333333;\">Construir la pedagog\u00eda participativa, como adecuado proceso de aprendizaje.<\/span><\/li>\n<li style=\"text-align: left;\"><span style=\"color: #333333;\">Desarrollar en el estudiante el pensamiento l\u00f3gico, m\u00e1s que la memoria informativa<\/span><\/li>\n<li style=\"text-align: left;\"><span style=\"color: #333333;\">Trabajar en equipo para estimular la solidaridad, la participaci\u00f3n, el sentido de pertenencia.<\/span><\/li>\n<li style=\"text-align: left;\"><span style=\"color: #333333;\">Transmitir con idoneidad y profesionalismo lo que sabe y conoce.<\/span><\/li>\n<li style=\"text-align: left;\"><span style=\"color: #333333;\">Usar adecuadamente los recursos did\u00e1cticos, pr\u00e1cticos y de consumo<\/span><\/li>\n<li style=\"text-align: left;\"><span style=\"color: #333333;\">Asesorar, orientar, facilitar y gerenciar aprendizajes<\/span><\/li>\n<\/ul>\n<p>[\/vc_column_text][vc_empty_space height=\u00bb50px\u00bb][\/vc_column_inner][\/vc_row_inner][vc_row_inner][vc_column_inner width=\u00bb1\/6&#8243;][\/vc_column_inner][vc_column_inner width=\u00bb2\/3&#8243;][vc_column_text]<\/p>\n<h2 style=\"text-align: center;\"><span style=\"color: #808080;\">Env\u00edanos tus datos<\/span><\/h2>\n<p>[\/vc_column_text][vc_empty_space][vc_separator color=\u00bbgreen\u00bb align=\u00bbcenter\u00bb border_width=\u00bb4&#8243; el_width=\u00bb50&#8243;][vc_empty_space]\n<div class=\"wpcf7 no-js\" id=\"wpcf7-f3404-o1\" lang=\"es-ES\" dir=\"ltr\" data-wpcf7-id=\"3404\">\n<div class=\"screen-reader-response\"><p role=\"status\" aria-live=\"polite\" aria-atomic=\"true\"><\/p> <ul><\/ul><\/div>\n<form action=\"\/sitio\/wp-json\/wp\/v2\/pages\/3392#wpcf7-f3404-o1\" method=\"post\" class=\"wpcf7-form init\" aria-label=\"Formulario de contacto\" enctype=\"multipart\/form-data\" novalidate=\"novalidate\" data-status=\"init\">\n<fieldset class=\"hidden-fields-container\"><input type=\"hidden\" name=\"_wpcf7\" value=\"3404\" \/><input type=\"hidden\" name=\"_wpcf7_version\" value=\"6.1.1\" \/><input type=\"hidden\" name=\"_wpcf7_locale\" value=\"es_ES\" \/><input type=\"hidden\" name=\"_wpcf7_unit_tag\" value=\"wpcf7-f3404-o1\" \/><input type=\"hidden\" name=\"_wpcf7_container_post\" value=\"0\" \/><input type=\"hidden\" name=\"_wpcf7_posted_data_hash\" value=\"\" \/><input type=\"hidden\" name=\"_wpcf7_recaptcha_response\" value=\"\" \/>\n<\/fieldset>\n<p><label> Nombre<br \/>\n<span class=\"wpcf7-form-control-wrap\" data-name=\"your-name\"><input size=\"40\" maxlength=\"400\" class=\"wpcf7-form-control wpcf7-text wpcf7-validates-as-required\" aria-required=\"true\" aria-invalid=\"false\" value=\"\" type=\"text\" name=\"your-name\" \/><\/span> <\/label>\n<\/p>\n<p><label> Tu correo electr\u00f3nico<br \/>\n<span class=\"wpcf7-form-control-wrap\" data-name=\"your-email\"><input size=\"40\" maxlength=\"400\" class=\"wpcf7-form-control wpcf7-email wpcf7-validates-as-required wpcf7-text wpcf7-validates-as-email\" aria-required=\"true\" aria-invalid=\"false\" value=\"\" type=\"email\" name=\"your-email\" \/><\/span> <\/label>\n<\/p>\n<p><label>Tel\u00e9fono<br \/>\n<span class=\"wpcf7-form-control-wrap\" data-name=\"telfono\"><input size=\"40\" maxlength=\"400\" class=\"wpcf7-form-control wpcf7-tel wpcf7-text wpcf7-validates-as-tel telprofes\" id=\"tel\" aria-invalid=\"false\" value=\"\" type=\"tel\" name=\"telfono\" \/><\/span><\/label>\n<\/p>\n<p><label> Asunto<br \/>\n<span class=\"wpcf7-form-control-wrap\" data-name=\"your-subject\"><input size=\"40\" maxlength=\"400\" class=\"wpcf7-form-control wpcf7-text wpcf7-validates-as-required\" aria-required=\"true\" aria-invalid=\"false\" value=\"\" type=\"text\" name=\"your-subject\" \/><\/span> <\/label>\n<\/p>\n<p><label> Mensaje<br \/>\n<span class=\"wpcf7-form-control-wrap\" data-name=\"your-message\"><textarea cols=\"40\" rows=\"10\" maxlength=\"2000\" class=\"wpcf7-form-control wpcf7-textarea wpcf7-validates-as-required\" aria-required=\"true\" aria-invalid=\"false\" name=\"your-message\"><\/textarea><\/span> <\/label>\n<\/p>\n<p>Por favor adjunta tu hoja de vida en formato pdf, tama\u00f1o m\u00e1ximo 2 mb.<br \/>\n<span class=\"wpcf7-form-control-wrap\" data-name=\"Hoja-de-vida\"><input size=\"40\" class=\"wpcf7-form-control wpcf7-file docentes\" id=\"empleo\" accept=\".pdf\" aria-invalid=\"false\" type=\"file\" name=\"Hoja-de-vida\" \/><\/span>\n<\/p>\n\n<p><input class=\"wpcf7-form-control wpcf7-submit has-spinner\" type=\"submit\" value=\"Enviar\" \/>\n<\/p><p style=\"display: none !important;\" class=\"akismet-fields-container\" data-prefix=\"_wpcf7_ak_\"><label>&#916;<textarea name=\"_wpcf7_ak_hp_textarea\" cols=\"45\" rows=\"8\" maxlength=\"100\"><\/textarea><\/label><input type=\"hidden\" id=\"ak_js_1\" name=\"_wpcf7_ak_js\" value=\"71\"\/><script>document.getElementById( \"ak_js_1\" ).setAttribute( \"value\", ( new Date() ).getTime() );<\/script><\/p><div class=\"wpcf7-response-output\" aria-hidden=\"true\"><\/div>\n<\/form>\n<\/div>\n[\/vc_column_inner][vc_column_inner width=\u00bb1\/6&#8243;][\/vc_column_inner][\/vc_row_inner][\/vc_column][\/vc_row]<\/p>\n","protected":false},"excerpt":{"rendered":"<p>[vc_row full_width=\u00bb1&#8243; css=\u00bb.vc_custom_1507148428331{padding-top: 50px !important;padding-bottom: 50px !important;background-position: center !important;background-repeat: no-repeat !important;background-size: cover !important;}\u00bb][vc_column][vc_column_text] En Chiquilandia siempre estamos buscando ampliar nuestra familia, por eso si te ajustas al siguiente perfil env\u00edanos tu hoja de vida. [\/vc_column_text][vc_empty_space][vc_column_text] Perfil de Docente Chiquilandia [\/vc_column_text][vc_empty_space][vc_row_inner][vc_column_inner width=\u00bb1\/4&#8243;][vc_single_image image=\u00bb4225&#8243; img_size=\u00bbmedium\u00bb alignment=\u00bbcenter\u00bb style=\u00bbvc_box_rounded\u00bb][\/vc_column_inner][vc_column_inner width=\u00bb3\/4&#8243;][vc_column_text] El docente del Jard\u00edn Infantil, debe prepararse para ser [&hellip;]<\/p>\n","protected":false},"author":1,"featured_media":0,"parent":0,"menu_order":0,"comment_status":"closed","ping_status":"closed","template":"","meta":{"_joinchat":[],"footnotes":""},"class_list":["post-3392","page","type-page","status-publish","hentry"],"_links":{"self":[{"href":"https:\/\/www.jardinchiquilandia.com\/sitio\/wp-json\/wp\/v2\/pages\/3392","targetHints":{"allow":["GET"]}}],"collection":[{"href":"https:\/\/www.jardinchiquilandia.com\/sitio\/wp-json\/wp\/v2\/pages"}],"about":[{"href":"https:\/\/www.jardinchiquilandia.com\/sitio\/wp-json\/wp\/v2\/types\/page"}],"author":[{"embeddable":true,"href":"https:\/\/www.jardinchiquilandia.com\/sitio\/wp-json\/wp\/v2\/users\/1"}],"replies":[{"embeddable":true,"href":"https:\/\/www.jardinchiquilandia.com\/sitio\/wp-json\/wp\/v2\/comments?post=3392"}],"version-history":[{"count":14,"href":"https:\/\/www.jardinchiquilandia.com\/sitio\/wp-json\/wp\/v2\/pages\/3392\/revisions"}],"predecessor-version":[{"id":4294,"href":"https:\/\/www.jardinchiquilandia.com\/sitio\/wp-json\/wp\/v2\/pages\/3392\/revisions\/4294"}],"wp:attachment":[{"href":"https:\/\/www.jardinchiquilandia.com\/sitio\/wp-json\/wp\/v2\/media?parent=3392"}],"curies":[{"name":"wp","href":"https:\/\/api.w.org\/{rel}","templated":true}]}}

<p>[vc_row full_width=»1&#8243; css=».vc_custom_1507148428331{padding-top: 50px !important;padding-bottom: 50px !important;background-position: center !important;background-repeat: no-repeat !important;background-size: cover !important;}»][vc_column][vc_column_text]</p>
<p style="text-align: center;"><span style="color: #333333;">En Chiquilandia siempre estamos buscando ampliar nuestra familia, por eso si te ajustas al siguiente perfil envíanos tu hoja de vida.</span></p>
<p>[/vc_column_text][vc_empty_space][vc_column_text]</p>
<h2 style="text-align: center;">Perfil de Docente Chiquilandia</h2>
<p>[/vc_column_text][vc_empty_space][vc_row_inner][vc_column_inner width=»1/4&#8243;][vc_single_image image=»4225&#8243; img_size=»medium» alignment=»center» style=»vc_box_rounded»][/vc_column_inner][vc_column_inner width=»3/4&#8243;][vc_column_text]</p>
<p style="text-align: left;"><span style="color: #333333;">El docente del Jardín Infantil, debe prepararse para ser formador de seres que amen su vida y respeten la de los demás en todas sus dimensiones, deben ser facilitadores de un aprendizaje agradable y entendible que se aprecie notablemente por los conceptos aprendidos. Para ello debe tener presente:</span></p>
<ul>
<li style="text-align: left;"><span style="color: #333333;">Que debe ser un constructor de actitudes positivas con el fin de lograr los objetivos de la institución</span></li>
<li style="text-align: left;"><span style="color: #333333;">Que debe formar una conciencia ecológica desde el aula de clase y con el manejo del proyecto.</span></li>
<li style="text-align: left;"><span style="color: #333333;">Ser un continuo promotor de la convivencia grupal en sus diferentes manifestaciones</span></li>
<li style="text-align: left;"><span style="color: #333333;">Fomentar en el alumno la disciplina, la urbanidad y los valores morales, espirituales y cívicos, como formadores de buenos hábitos.</span></li>
<li style="text-align: left;"><span style="color: #333333;">Ser evaluador constante de su actitud frente al cambio e innovación educativa.</span></li>
<li style="text-align: left;"><span style="color: #333333;">Concebir su misión educadora como un espacio de proyección, transformación y cambio</span></li>
<li style="text-align: left;"><span style="color: #333333;">Construir la pedagogía participativa, como adecuado proceso de aprendizaje.</span></li>
<li style="text-align: left;"><span style="color: #333333;">Desarrollar en el estudiante el pensamiento lógico, más que la memoria informativa</span></li>
<li style="text-align: left;"><span style="color: #333333;">Trabajar en equipo para estimular la solidaridad, la participación, el sentido de pertenencia.</span></li>
<li style="text-align: left;"><span style="color: #333333;">Transmitir con idoneidad y profesionalismo lo que sabe y conoce.</span></li>
<li style="text-align: left;"><span style="color: #333333;">Usar adecuadamente los recursos didácticos, prácticos y de consumo</span></li>
<li style="text-align: left;"><span style="color: #333333;">Asesorar, orientar, facilitar y gerenciar aprendizajes</span></li>
</ul>
<p>[/vc_column_text][vc_empty_space height=»50px»][/vc_column_inner][/vc_row_inner][vc_row_inner][vc_column_inner width=»1/6&#8243;][/vc_column_inner][vc_column_inner width=»2/3&#8243;][vc_column_text]</p>
<h2 style="text-align: center;"><span style="color: #808080;">Envíanos tus datos</span></h2>
<p>[/vc_column_text][vc_empty_space][vc_separator color=»green» align=»center» border_width=»4&#8243; el_width=»50&#8243;][vc_empty_space]
<div class="wpcf7 no-js" id="wpcf7-f3404-o1" lang="es-ES" dir="ltr" data-wpcf7-id="3404">
<div class="screen-reader-response"><p role="status" aria-live="polite" aria-atomic="true"></p> <ul></ul></div>
<form action="/sitio/wp-json/wp/v2/pages/3392#wpcf7-f3404-o1" method="post" class="wpcf7-form init" aria-label="Formulario de contacto" enctype="multipart/form-data" novalidate="novalidate" data-status="init">
<fieldset class="hidden-fields-container"><input type="hidden" name="_wpcf7" value="3404" /><input type="hidden" name="_wpcf7_version" value="6.1.1" /><input type="hidden" name="_wpcf7_locale" value="es_ES" /><input type="hidden" name="_wpcf7_unit_tag" value="wpcf7-f3404-o1" /><input type="hidden" name="_wpcf7_container_post" value="0" /><input type="hidden" name="_wpcf7_posted_data_hash" value="" /><input type="hidden" name="_wpcf7_recaptcha_response" value="" />
</fieldset>
<p><label> Nombre<br />
<span class="wpcf7-form-control-wrap" data-name="your-name"><input size="40" maxlength="400" class="wpcf7-form-control wpcf7-text wpcf7-validates-as-required" aria-required="true" aria-invalid="false" value="" type="text" name="your-name" /></span> </label>
</p>
<p><label> Tu correo electrónico<br />
<span class="wpcf7-form-control-wrap" data-name="your-email"><input size="40" maxlength="400" class="wpcf7-form-control wpcf7-email wpcf7-validates-as-required wpcf7-text wpcf7-validates-as-email" aria-required="true" aria-invalid="false" value="" type="email" name="your-email" /></span> </label>
</p>
<p><label>Teléfono<br />
<span class="wpcf7-form-control-wrap" data-name="telfono"><input size="40" maxlength="400" class="wpcf7-form-control wpcf7-tel wpcf7-text wpcf7-validates-as-tel telprofes" id="tel" aria-invalid="false" value="" type="tel" name="telfono" /></span></label>
</p>
<p><label> Asunto<br />
<span class="wpcf7-form-control-wrap" data-name="your-subject"><input size="40" maxlength="400" class="wpcf7-form-control wpcf7-text wpcf7-validates-as-required" aria-required="true" aria-invalid="false" value="" type="text" name="your-subject" /></span> </label>
</p>
<p><label> Mensaje<br />
<span class="wpcf7-form-control-wrap" data-name="your-message"><textarea cols="40" rows="10" maxlength="2000" class="wpcf7-form-control wpcf7-textarea wpcf7-validates-as-required" aria-required="true" aria-invalid="false" name="your-message"></textarea></span> </label>
</p>
<p>Por favor adjunta tu hoja de vida en formato pdf, tamaño máximo 2 mb.<br />
<span class="wpcf7-form-control-wrap" data-name="Hoja-de-vida"><input size="40" class="wpcf7-form-control wpcf7-file docentes" id="empleo" accept=".pdf" aria-invalid="false" type="file" name="Hoja-de-vida" /></span>
</p>

<p><input class="wpcf7-form-control wpcf7-submit has-spinner" type="submit" value="Enviar" />
</p><p style="display: none !important;" class="akismet-fields-container" data-prefix="_wpcf7_ak_"><label>&#916;<textarea name="_wpcf7_ak_hp_textarea" cols="45" rows="8" maxlength="100"></textarea></label><input type="hidden" id="ak_js_1" name="_wpcf7_ak_js" value="71"/><script>document.getElementById( "ak_js_1" ).setAttribute( "value", ( new Date() ).getTime() );</script></p><div class="wpcf7-response-output" aria-hidden="true"></div>
</form>
</div>
[/vc_column_inner][vc_column_inner width=»1/6&#8243;][/vc_column_inner][/vc_row_inner][/vc_column][/vc_row]</p>

<p>[vc_row full_width=»1&#8243; css=».vc_custom_1507148428331{padding-top: 50px !important;padding-bottom: 50px !important;background-position: center !important;background-repeat: no-repeat !important;background-size: cover !important;}»][vc_column][vc_column_text] En Chiquilandia siempre estamos buscando ampliar nuestra familia, por eso si te ajustas al siguiente perfil envíanos tu hoja de vida. [/vc_column_text][vc_empty_space][vc_column_text] Perfil de Docente Chiquilandia [/vc_column_text][vc_empty_space][vc_row_inner][vc_column_inner width=»1/4&#8243;][vc_single_image image=»4225&#8243; img_size=»medium» alignment=»center» style=»vc_box_rounded»][/vc_column_inner][vc_column_inner width=»3/4&#8243;][vc_column_text] El docente del Jardín Infantil, debe prepararse para ser [&hellip;]</p>
